s the tens digit of s?
1
Let w = -28 - -30. Suppose 5*x + w*q = 1987, -x + q + 3*q = -393. What is the units digit of x?
7
Let n = 14585 + -10075. What is the units digit of n?
0
Let v = 7460 + 5134. What is the thousands digit of v?
2
Suppose -946 = 4*p + 4198. Let r = -711 - p. What is the hundreds digit of r?
5
Let h be (-5)/((-1)/(-1)) + 45526/(-34). Let q = h + 2047. What is the hundreds digit of q?
7
Suppose -7052 = -3*k + 4*q, 5*k = -4*q + 6557 + 5239. What is the units digit of k?
6
Let t(x) = x**3 + x**2 - 4*x + 3. Suppose 37*r - 8 = 33*r. Let i be t(r). What is the tens digit of 314/i - (328/56 + -6)?
4
Let w(z) = -22*z + 4. Let l be w(-2). Let r = l - 44. Suppose 0 = r*v - 162 - 26. What is the units digit of v?
7
Let i = -3 + -32. Let l be (-8)/(-5) + (-14)/i*1. Suppose -4*u + 36 = l*z - 0*u, -z + 3*u - 7 = 0. What is the units digit of z?
8
What is the tens digit of (-510)/(-340)*(-710)/(-3)?
5
Let d = 11367 + -1868. What is the units digit of d?
9
Let t be 692/(-20)*(-5 - 0). Let g = t + -266. Let n = g - -176. What is the tens digit of n?
8
Suppose -205*x = -200*x - 780. Let p = x + -55. What is the tens digit of p?
0
Let q(o) be the second derivative of 391*o**4/4 + 2*o**3/3 + 2*o**2 + o - 20. What is the thousands digit of q(-1)?
1
Let o be -2 + -3 + 20 + (6 - 6). What is the tens digit of (-83745)/(-75) - (-6)/o?
1
Suppose -12 - 18 = -10*m. Let b = 152 + -36. Suppose -2*p + 587 = 5*g, 0 = -g - m*p + 4*p + b. What is the hundreds digit of g?
1
Suppose -2*i - u + 12 - 2 = 0, -4*i = -u - 8. Let m be 294/i*-2*(-2)/8. What is the hundreds digit of 4/(-14) - (-1 + (-11284)/m)?
2
Suppose 7*j - l - 629 = 11*j, -470 = 3*j - l. Let t = -31 + 52. Let k = t - j. What is the hundreds digit of k?
1
Let h(f) = -f + 31. Let r be h(0). Let a = -19 + r. What is the tens digit of 3/2*400/a?
5
Suppose 0 = -5*m + 4*h, 5*m - 1 = -5*h - 46. Let i be 3/m - (-1389)/12. Suppose -v + 64 = -i. What is the units digit of v?
9
Let l(r) = 38*r + 24. Let j be l(4). Suppose -j = -4*i + 916. What is the tens digit of i?
7
Let s = 2769 - 4884. Let f = -1241 - s. What is the tens digit of f?
7
Suppose -2*c = 3*k, 0 = 3*k - 2*k - 2. Let q be 605 + (-2)/(2/c)*-1. What is the tens digit of q/8 - 1/(16/(-12))?
7
Suppose 5*x - 68*o - 11266 = -67*o, -2*o + 4492 = 2*x. What is the units digit of x?
2
Let y be 2 - 1 - -1593 - (7 + -3). Suppose -4*t + d + y = 0, -3*t + d + 1195 = -d. What is the units digit of t?
7
Let h(v) = -2*v**3 + 48*v**2 + 21*v - 59. What is the tens digit of h(15)?
0
Let u = -79 - -100. Suppose 3*v = 4*s + 516, 5*v + 20 = -0*v. What is the units digit of (s/(-9))/4*u?
7
Let k be -1*(3 - 6)*1. Suppose 4*p - k*d = -p + 859, 3*d = -9. Suppose 14*w = 9*w + p. What is the tens digit of w?
3
Suppose -2*q - 4*z = -22138, -5*q + 32887 = 3*z - 22430. What is the thousands digit of q?
1
What is the units digit of 2/(-5) + (-594)/90 + 1068?
1
Suppose -7*b + 4 - 984 = 0. What is the hundreds digit of 3 + -3 - (5 + b)?
1
Suppose -10*k + 151 = -239. Suppose 4*q + 44 = 3*a + 3*q, 4*q = 4. Suppose -z = -k - a. What is the tens digit of z?
5
Suppose 30665 = 2*v + 3*b, -3*v - 229*b = -234*b - 46007. What is the units digit of v?
4
Let l be (4860/8)/(-5)*(-320)/60. Suppose 10*q - l = 3172. What is the hundreds digit of q?
3
Let u be ((-25)/(-3))/(8/(-72)). What is the tens digit of (u/(-30))/(5/44)?
2
Let n = 17 + -12. Suppose -1716 = -n*r - o - 193, r - o = 301. What is the hundreds digit of r?
3
Suppose -2*p - 8 = m, 12 = -12*m + 13*m - 2*p. Suppose 0 = 2*h + 4*a - 1402, -m*a - 693 = -4*h + 2111. What is the hundreds digit of h?
7
Suppose 2*q + 19*s - 18*s = 8424, -3*s - 21071 = -5*q. What is the thousands digit of q?
4
Let k be ((-8316)/(-70))/(2/5). Suppose z - 37 - 134 = 0. Let y = k - z. What is the hundreds digit of y?
1
Let w = 320 + -323. What is the hundreds digit of 3/(-2)*1670/w + -4?
8
Let n = 94987 - 46603. What is the thousands digit of n?
8
Suppose 0 = -5*i - 5*f + 31605 + 63085, -3*f - 18918 = -i. What is the hundreds digit of i?
9
What is the units digit of 96/(-14)*(-1519)/(-62)*(-331)/2?
4
Let g = 158 - 4. Suppose v + 93 + g = 0. Let f = -149 - v. What is the tens digit of f?
9
Suppose 3*z = -2*z + 25. Suppose 2*o + 4 = -5*d, 2*o - 8 = z*d + 6*o. Suppose -r + 2*j + 0 + 2 = d, -5*r + 66 = 4*j. What is the tens digit of r?
1
Let g(m) = 2*m**2 - 12*m - 4. Let z(d) = 65*d**3 - 2*d - 1. Let v be z(-1). Let w be (-3)/(-4) + (-528)/v. What is the units digit of g(w)?
0
Let q = -402 + 413. Suppose q*t = -14*t + 7350. What is the units digit of t?
4
Suppose -7*i - 74 = 66. What is the tens digit of (5648/20)/1 + 8/i?
8
Let g be -3 + (265 - -3 - 2). Let y = g - -421. What is the tens digit of y?
8
Let l(k) = 418*k + 16. Let x be l(10). Suppose 4*y = 4*b - 4176, 6*y - 5*y = -4*b + x. What is the tens digit of b?
4
Let m = 51 + -61. Let x be (((-176)/(-6))/4)/(m/(-375)). Let w = x + -193. What is the units digit of w?
2
Let z be (-2 + 0)*(7 + 230/(-20)). What is the hundreds digit of (7 + (-69)/z)*-1776?
1
Let m = 582 - 555. Suppose -2*a + 23*d - m*d + 2206 = 0, 5523 = 5*a + 2*d. What is the hundreds digit of a?
1
Suppose 4*y = 3*y - 117. Let q(p) = 4*p**2 - 66*p - 119. Let v be q(21). Let s = y + v. What is the units digit of s?
2
Suppose 2*y = 3*g - 4004, -481*g = -480*g + 2*y - 1316. What is the hundreds digit of g?
3
Let h(k) be the second derivative of -7*k**3 - 4*k + 5/2*k**2 + 0. What is the units digit of h(-1)?
7
Suppose 0 = -c - 2*y + 5*y - 1070, -15 = 3*y. Let g = 246 - c. What is the units digit of g?
1
Suppose -4*s = -33 - 27. Let x be s/(12/3 - 1). Suppose x*u - 8 + 3 = 0. What is the units digit of u?
1
Let d = 188195 + -120330. What is the ten thousands digit of d?
6
Suppose 0 = 5*b - 2*i - 99, -4*b + 4 = -2*i - 74. Suppose 0 = -4*d - 3*d - b. Let g(f) = 7*f**2 + f - 6. What is the units digit of g(d)?
4
Let c be 2 + 1 + -7 + -5 + 2115. Suppose -j - 12*j = c. What is the tens digit of (j/12)/((-15)/(-8) - 2)?
0
Let s = -14923 + 27683. What is the units digit of s?
0
Let w be (-1*12)/3 - (-162)/27. Let x(g) = 255*g - 17. What is the hundreds digit of x(w)?
4
Let l = -5283 - -19439. What is the tens digit of l?
5
Let m(f) = f + 6 - 6 - 2*f. Let d(w) = 10*w + 6. Let p(q) = -d(q) - 4*m(q). What is the units digit of p(-13)?
2
Suppose 4*k - 4*b = b + 33, b - 20 = -3*k. What is the hundreds digit of -9 - (1 - k) - (-228)/1?
2
Let y be -3 + 3 + 4 + 340. Suppose 5*g - 3206 = y. What is the units digit of g?
0
Suppose 20 = 5*m, 3*q - 7548 = 6*m + 9897. What is the thousands digit of q?
5
Let j = -143 + 146. Let t(k) = 125*k - 188. What is the tens digit of t(j)?
8
Suppose -218*b - 124926 + 798424 = -145*b. What is the units digit of b?
6
Let i(m) = -596*m**3 + 11*m**2 + 20*m + 2. Let p be i(-2). Let s = p + -3348. What is the tens digit of s?
2
Let u be (-74)/148 - 41/(-2). What is the tens digit of (41490/u)/9*(1 + 1)?
6
Let w = -2130 - -4254. Suppose -4*g + 0*u + 2096 = 2*u, 4*g - 5*u - w = 0. What is the units digit of g?
6
Let m(u) = 21*u**2 - 2*u - 16*u - u**3 + 27 + 52*u - 26. What is the tens digit of m(22)?
6
Let t be 8/6 + (-64)/48. Suppose -5*l + 608 + 17 = t. Suppose -3*o + 85 = -l. What is the tens digit of o?
7
Let r be (-55)/(-15) + (-10)/6. Suppose 2*z - 9 = 3. Suppose r*q - 8 = z*q, 2*q + 98 = 2*k. What is the units digit of k?
7
Let s(d) = 859*d - 20. Let o be s(9). Suppose 6*g = 17*g - o. Suppose 6*a - g - 1177 = 0. What is the hundreds digit of a?
3
Let x(l) = 3*l**2 - 32*l + 28. Let y(m) = -7*m**2 + 64*m - 57. Let g(v) = -5*x(v) - 3*y(v). What is the tens digit of g(11)?
0
Let s = 61190 - 28891. What is the thousands digit of s?
2
Suppose -2*v - 3*p - 48 = -1192, -3*v = -p - 1738. Let a = v + -244. What is the units digit of a?
4
Suppose 0 = -43*j + 167344 + 534201. What is the tens digit of j?
1
Suppose 2*s + 30830 = 4*y, 4*y = -4*s - 9607 + 40455. What is the units digit of y?
9
Suppose -3*j - 3*a + 76 = -116, 5*a = -2*j + 131. Let d = -44 + j. Suppose 23 = 2*w - d. What is the tens digit of w?
2
Suppose 0 = -217*l + 272*l - 1123540. What is the hundreds digit of l?
4
Let w(s) = -s**3 - 5*s**2 + s + 4. Let z be w(-4). Let g = -14 - z. Suppose -3*u - g*o + 329 = 0, -3*u - 4*o = -8*u + 563. What is the units digit of u?
1
Let